{"id":1201,"date":"2016-11-29T10:14:44","date_gmt":"2016-11-29T10:14:44","guid":{"rendered":"http:\/\/demo.oceanthemes.net\/archi\/?page_id=1201"},"modified":"2024-03-22T17:51:45","modified_gmt":"2024-03-22T17:51:45","slug":"3-cols-inverted","status":"publish","type":"page","link":"https:\/\/www.onderhan.com\/?page_id=1201","title":{"rendered":"T\u00fcm Projeler"},"content":{"rendered":"<div class=\"wpb-content-wrapper\"><p>[vc_row css=&#8221;.vc_custom_1480413380938{padding-top: 90px !important;padding-bottom: 90px !important;}&#8221;][vc_column]  \n\n\t<!-- Element: OT Portfolio Inverted Style -->\n\t<div class=\"projects-grid-wrapper\">\n\t\t\t\t\t<!-- portfolio filter begin -->\n\t\t    <div class=\"row\">\n\t\t        <div class=\"col-md-12\">\n\t\t            <ul class=\"project_filters s2 wow fadeInUp\" data-wow-delay=\"0s\">\n\t\t            \t<li class=\"pull-right\"><a href=\"#\" data-filter=\"*\" class=\"selected\">T\u00fcm Projeler<\/a><\/li>                    \n\t\t                \t\t                  <li><a href=\"#\" data-filter=\".category-19\">Devam Eden Projeler<\/a><\/li>\n\t\t                \t\t                  <li><a href=\"#\" data-filter=\".category-21\">\u0130\u00e7 Mimarl\u0131k Projeleri<\/a><\/li>\n\t\t                \t\t                  <li><a href=\"#\" data-filter=\".category-22\">Proje Y\u00f6netimi<\/a><\/li>\n\t\t                \t\t                  <li><a href=\"#\" data-filter=\".category-20\">Tamamlanm\u0131\u015f Projeler<\/a><\/li>\n\t\t                                    \n\t\t            <\/ul>\n\t\t        <\/div>\n\t\t    <\/div>\n\t\t\t<!-- portfolio filter close -->\n\t\t\n\t    <div class=\"row projects-grid projects-load-ajax overlay_s2 wow fadeInUp\" data-wow-delay=\".3s\">\n\t    \t<div class=\"project-item-sizer col-md-4\"><\/div>\n\t                     \n\t        <!-- gallery item -->\n\t        <div class=\"project-item category-19  col-md-4\">\n\t        \t<div class=\"projects-box\">\n\t\t\t\t\t<div class=\"projects-thumbnail\">\n\t\t\t\t\t\t<img loading=\"lazy\" decoding=\"async\" width=\"750\" height=\"499\" src=\"https:\/\/www.onderhan.com\/wp-content\/uploads\/2026\/03\/Gemini_Generated_Image_e4vt74e4vt74e4vt-2-750x499.png\" class=\"attachment-thumb-portfolio size-thumb-portfolio wp-post-image\" alt=\"\" title=\"Gemini_Generated_Image_e4vt74e4vt74e4vt\" \/>\t\t\t\t\t<\/div>\t\t\t\t\t\t\t\n\t\t\t\t\t<a class=\"simple-ajax-popup-align-top\" href=\"https:\/\/www.onderhan.com\/?portfolio=milas-lavinya-residence-projesi\">\n\t\t\t\t\t\t<span class=\"project-overlay\">\n\t\t\t\t\t\t\t<span class=\"project-name id-color\">Milas Lavinya Residence Projesi<\/span>\t\n\t\t\t\t\t\t<\/span>\n\t\t\t\t\t<\/a>\t\n\t\t\t\t<\/div>\n\t        <\/div>\n\t        <!-- close gallery item -->\n\t                    \n\t        <!-- gallery item -->\n\t        <div class=\"project-item category-20  col-md-4\">\n\t        \t<div class=\"projects-box\">\n\t\t\t\t\t<div class=\"projects-thumbnail\">\n\t\t\t\t\t\t<img loading=\"lazy\" decoding=\"async\" width=\"750\" height=\"499\" src=\"https:\/\/www.onderhan.com\/wp-content\/uploads\/2024\/03\/1-12-750x499.jpg\" class=\"attachment-thumb-portfolio size-thumb-portfolio wp-post-image\" alt=\"\" title=\"1 (12)\" \/>\t\t\t\t\t<\/div>\t\t\t\t\t\t\t\n\t\t\t\t\t<a class=\"simple-ajax-popup-align-top\" href=\"https:\/\/www.onderhan.com\/?portfolio=1791\">\n\t\t\t\t\t\t<span class=\"project-overlay\">\n\t\t\t\t\t\t\t<span class=\"project-name id-color\">Milas Konut Projesi<\/span>\t\n\t\t\t\t\t\t<\/span>\n\t\t\t\t\t<\/a>\t\n\t\t\t\t<\/div>\n\t        <\/div>\n\t        <!-- close gallery item -->\n\t                    \n\t        <!-- gallery item -->\n\t        <div class=\"project-item category-22 category-20  col-md-4\">\n\t        \t<div class=\"projects-box\">\n\t\t\t\t\t<div class=\"projects-thumbnail\">\n\t\t\t\t\t\t<img loading=\"lazy\" decoding=\"async\" width=\"750\" height=\"499\" src=\"https:\/\/www.onderhan.com\/wp-content\/uploads\/2024\/01\/Proje_C-Tip-Villa_001-Large--750x499.jpg\" class=\"attachment-thumb-portfolio size-thumb-portfolio wp-post-image\" alt=\"\" title=\"Proje_C Tip Villa_001 (Large)\" \/>\t\t\t\t\t<\/div>\t\t\t\t\t\t\t\n\t\t\t\t\t<a class=\"simple-ajax-popup-align-top\" href=\"https:\/\/www.onderhan.com\/?portfolio=eco-green-interior\">\n\t\t\t\t\t\t<span class=\"project-overlay\">\n\t\t\t\t\t\t\t<span class=\"project-name id-color\">B\u00fcy\u00fck\u00e7ekmece Villa Projesi<\/span>\t\n\t\t\t\t\t\t<\/span>\n\t\t\t\t\t<\/a>\t\n\t\t\t\t<\/div>\n\t        <\/div>\n\t        <!-- close gallery item -->\n\t                    \n\t        <!-- gallery item -->\n\t        <div class=\"project-item category-22 category-20  col-md-4\">\n\t        \t<div class=\"projects-box\">\n\t\t\t\t\t<div class=\"projects-thumbnail\">\n\t\t\t\t\t\t<img loading=\"lazy\" decoding=\"async\" width=\"750\" height=\"499\" src=\"https:\/\/www.onderhan.com\/wp-content\/uploads\/2015\/07\/cmr05_gece-4-1-750x499.jpg\" class=\"attachment-thumb-portfolio size-thumb-portfolio wp-post-image\" alt=\"\" title=\"cmr05_gece-4\" \/>\t\t\t\t\t<\/div>\t\t\t\t\t\t\t\n\t\t\t\t\t<a class=\"simple-ajax-popup-align-top\" href=\"https:\/\/www.onderhan.com\/?portfolio=modern-elegance-suite\">\n\t\t\t\t\t\t<span class=\"project-overlay\">\n\t\t\t\t\t\t\t<span class=\"project-name id-color\">Bah\u00e7e\u015fehir Konut Projesi<\/span>\t\n\t\t\t\t\t\t<\/span>\n\t\t\t\t\t<\/a>\t\n\t\t\t\t<\/div>\n\t        <\/div>\n\t        <!-- close gallery item -->\n\t                    \n\t        <!-- gallery item -->\n\t        <div class=\"project-item category-22 category-20  col-md-4\">\n\t        \t<div class=\"projects-box\">\n\t\t\t\t\t<div class=\"projects-thumbnail\">\n\t\t\t\t\t\t<img loading=\"lazy\" decoding=\"async\" width=\"750\" height=\"499\" src=\"https:\/\/www.onderhan.com\/wp-content\/uploads\/2015\/07\/02-750x499.jpg\" class=\"attachment-thumb-portfolio size-thumb-portfolio wp-post-image\" alt=\"\" title=\"02\" \/>\t\t\t\t\t<\/div>\t\t\t\t\t\t\t\n\t\t\t\t\t<a class=\"simple-ajax-popup-align-top\" href=\"https:\/\/www.onderhan.com\/?portfolio=apartment-renovation\">\n\t\t\t\t\t\t<span class=\"project-overlay\">\n\t\t\t\t\t\t\t<span class=\"project-name id-color\">Tekirda\u011f Projesi<\/span>\t\n\t\t\t\t\t\t<\/span>\n\t\t\t\t\t<\/a>\t\n\t\t\t\t<\/div>\n\t        <\/div>\n\t        <!-- close gallery item -->\n\t                    \n\t        <!-- gallery item -->\n\t        <div class=\"project-item category-22  col-md-4\">\n\t        \t<div class=\"projects-box\">\n\t\t\t\t\t<div class=\"projects-thumbnail\">\n\t\t\t\t\t\t<img loading=\"lazy\" decoding=\"async\" width=\"750\" height=\"499\" src=\"https:\/\/www.onderhan.com\/wp-content\/uploads\/2015\/07\/1293-12-05082015-001-750x499.jpg\" class=\"attachment-thumb-portfolio size-thumb-portfolio wp-post-image\" alt=\"\" title=\"1293-12 05082015-001\" \/>\t\t\t\t\t<\/div>\t\t\t\t\t\t\t\n\t\t\t\t\t<a class=\"simple-ajax-popup-align-top\" href=\"https:\/\/www.onderhan.com\/?portfolio=youtube-video\">\n\t\t\t\t\t\t<span class=\"project-overlay\">\n\t\t\t\t\t\t\t<span class=\"project-name id-color\">Beylikd\u00fcz\u00fc Projesi<\/span>\t\n\t\t\t\t\t\t<\/span>\n\t\t\t\t\t<\/a>\t\n\t\t\t\t<\/div>\n\t        <\/div>\n\t        <!-- close gallery item -->\n\t                    \n\t        <!-- gallery item -->\n\t        <div class=\"project-item category-22 category-20  col-md-4\">\n\t        \t<div class=\"projects-box\">\n\t\t\t\t\t<div class=\"projects-thumbnail\">\n\t\t\t\t\t\t<img loading=\"lazy\" decoding=\"async\" width=\"750\" height=\"499\" src=\"https:\/\/www.onderhan.com\/wp-content\/uploads\/2015\/07\/01-750x499.jpg\" class=\"attachment-thumb-portfolio size-thumb-portfolio wp-post-image\" alt=\"\" title=\"01\" \/>\t\t\t\t\t<\/div>\t\t\t\t\t\t\t\n\t\t\t\t\t<a class=\"simple-ajax-popup-align-top\" href=\"https:\/\/www.onderhan.com\/?portfolio=vimeo-video\">\n\t\t\t\t\t\t<span class=\"project-overlay\">\n\t\t\t\t\t\t\t<span class=\"project-name id-color\">Bayrampa\u015fa Projesi<\/span>\t\n\t\t\t\t\t\t<\/span>\n\t\t\t\t\t<\/a>\t\n\t\t\t\t<\/div>\n\t        <\/div>\n\t        <!-- close gallery item -->\n\t                    \n\t        <!-- gallery item -->\n\t        <div class=\"project-item category-22 category-20  col-md-4\">\n\t        \t<div class=\"projects-box\">\n\t\t\t\t\t<div class=\"projects-thumbnail\">\n\t\t\t\t\t\t<img loading=\"lazy\" decoding=\"async\" width=\"750\" height=\"499\" src=\"https:\/\/www.onderhan.com\/wp-content\/uploads\/2015\/07\/Final-2-750x499.jpg\" class=\"attachment-thumb-portfolio size-thumb-portfolio wp-post-image\" alt=\"\" title=\"Final 2\" \/>\t\t\t\t\t<\/div>\t\t\t\t\t\t\t\n\t\t\t\t\t<a class=\"simple-ajax-popup-align-top\" href=\"https:\/\/www.onderhan.com\/?portfolio=restaurant-in-texas\">\n\t\t\t\t\t\t<span class=\"project-overlay\">\n\t\t\t\t\t\t\t<span class=\"project-name id-color\">Bah\u00e7e\u015fehir Villa Projesi<\/span>\t\n\t\t\t\t\t\t<\/span>\n\t\t\t\t\t<\/a>\t\n\t\t\t\t<\/div>\n\t        <\/div>\n\t        <!-- close gallery item -->\n\t                    \n\t        <!-- gallery item -->\n\t        <div class=\"project-item category-22  col-md-4\">\n\t        \t<div class=\"projects-box\">\n\t\t\t\t\t<div class=\"projects-thumbnail\">\n\t\t\t\t\t\t<img loading=\"lazy\" decoding=\"async\" width=\"750\" height=\"499\" src=\"https:\/\/www.onderhan.com\/wp-content\/uploads\/2015\/07\/cmr05_gece-4-750x499.jpg\" class=\"attachment-thumb-portfolio size-thumb-portfolio wp-post-image\" alt=\"\" title=\"cmr05_gece-4\" \/>\t\t\t\t\t<\/div>\t\t\t\t\t\t\t\n\t\t\t\t\t<a class=\"simple-ajax-popup-align-top\" href=\"https:\/\/www.onderhan.com\/?portfolio=summer-house\">\n\t\t\t\t\t\t<span class=\"project-overlay\">\n\t\t\t\t\t\t\t<span class=\"project-name id-color\">Bah\u00e7e\u015fehir Projesi<\/span>\t\n\t\t\t\t\t\t<\/span>\n\t\t\t\t\t<\/a>\t\n\t\t\t\t<\/div>\n\t        <\/div>\n\t        <!-- close gallery item -->\n\t                    \n\t        <!-- gallery item -->\n\t        <div class=\"project-item category-22 category-20  col-md-4\">\n\t        \t<div class=\"projects-box\">\n\t\t\t\t\t<div class=\"projects-thumbnail\">\n\t\t\t\t\t\t<img loading=\"lazy\" decoding=\"async\" width=\"750\" height=\"499\" src=\"https:\/\/www.onderhan.com\/wp-content\/uploads\/2015\/07\/10_copy-750x499.jpg\" class=\"attachment-thumb-portfolio size-thumb-portfolio wp-post-image\" alt=\"\" title=\"10_copy\" \/>\t\t\t\t\t<\/div>\t\t\t\t\t\t\t\n\t\t\t\t\t<a class=\"simple-ajax-popup-align-top\" href=\"https:\/\/www.onderhan.com\/?portfolio=office-on-space\">\n\t\t\t\t\t\t<span class=\"project-overlay\">\n\t\t\t\t\t\t\t<span class=\"project-name id-color\">Avc\u0131lar Konut Projesi<\/span>\t\n\t\t\t\t\t\t<\/span>\n\t\t\t\t\t<\/a>\t\n\t\t\t\t<\/div>\n\t        <\/div>\n\t        <!-- close gallery item -->\n\t                    \n\t        <!-- gallery item -->\n\t        <div class=\"project-item category-21 category-22 category-20  col-md-4\">\n\t        \t<div class=\"projects-box\">\n\t\t\t\t\t<div class=\"projects-thumbnail\">\n\t\t\t\t\t\t<img loading=\"lazy\" decoding=\"async\" width=\"750\" height=\"499\" src=\"https:\/\/www.onderhan.com\/wp-content\/uploads\/2015\/07\/Cephe-On-750x499.jpg\" class=\"attachment-thumb-portfolio size-thumb-portfolio wp-post-image\" alt=\"\" title=\"Cephe \u00d6n\" \/>\t\t\t\t\t<\/div>\t\t\t\t\t\t\t\n\t\t\t\t\t<a class=\"simple-ajax-popup-align-top\" href=\"https:\/\/www.onderhan.com\/?portfolio=luxury-living-room\">\n\t\t\t\t\t\t<span class=\"project-overlay\">\n\t\t\t\t\t\t\t<span class=\"project-name id-color\">Edirne Villa Projesi<\/span>\t\n\t\t\t\t\t\t<\/span>\n\t\t\t\t\t<\/a>\t\n\t\t\t\t<\/div>\n\t        <\/div>\n\t        <!-- close gallery item -->\n\t                    \n\t        <!-- gallery item -->\n\t        <div class=\"project-item category-20  col-md-4\">\n\t        \t<div class=\"projects-box\">\n\t\t\t\t\t<div class=\"projects-thumbnail\">\n\t\t\t\t\t\t<img loading=\"lazy\" decoding=\"async\" width=\"750\" height=\"499\" src=\"https:\/\/www.onderhan.com\/wp-content\/uploads\/2015\/07\/Firefly_vignet-effekti-ekle-cevresindeki-binalari-hafif-blur-effekti-ekle-414980-750x499.jpg\" class=\"attachment-thumb-portfolio size-thumb-portfolio wp-post-image\" alt=\"\" title=\"Firefly_vignet effekti ekle cevresindeki binalar\u0131 hafif blur effekti ekle 414980\" \/>\t\t\t\t\t<\/div>\t\t\t\t\t\t\t\n\t\t\t\t\t<a class=\"simple-ajax-popup-align-top\" href=\"https:\/\/www.onderhan.com\/?portfolio=cozy-bedroom\">\n\t\t\t\t\t\t<span class=\"project-overlay\">\n\t\t\t\t\t\t\t<span class=\"project-name id-color\">Kemerburgaz \u00c7i\u00e7ek Apartman\u0131<\/span>\t\n\t\t\t\t\t\t<\/span>\n\t\t\t\t\t<\/a>\t\n\t\t\t\t<\/div>\n\t        <\/div>\n\t        <!-- close gallery item -->\n\t       \t    <\/div>\n\t    \t    \t<\/div>\n[\/vc_column][\/vc_row]<\/p>\n<\/div>","protected":false},"excerpt":{"rendered":"<p>[vc_row css=&#8221;.vc_custom_1480413380938{padding-top: 90px !important;padding-bottom: 90px !important;}&#8221;][vc_column][\/vc_column][\/vc_row]<\/p>\n","protected":false},"author":1,"featured_media":0,"parent":0,"menu_order":0,"comment_status":"closed","ping_status":"closed","template":"page-templates\/template-fullwidth.php","meta":{"footnotes":""},"class_list":["post-1201","page","type-page","status-publish","hentry"],"_links":{"self":[{"href":"https:\/\/www.onderhan.com\/index.php?rest_route=\/wp\/v2\/pages\/1201","targetHints":{"allow":["GET"]}}],"collection":[{"href":"https:\/\/www.onderhan.com\/index.php?rest_route=\/wp\/v2\/pages"}],"about":[{"href":"https:\/\/www.onderhan.com\/index.php?rest_route=\/wp\/v2\/types\/page"}],"author":[{"embeddable":true,"href":"https:\/\/www.onderhan.com\/index.php?rest_route=\/wp\/v2\/users\/1"}],"replies":[{"embeddable":true,"href":"https:\/\/www.onderhan.com\/index.php?rest_route=%2Fwp%2Fv2%2Fcomments&post=1201"}],"version-history":[{"count":2,"href":"https:\/\/www.onderhan.com\/index.php?rest_route=\/wp\/v2\/pages\/1201\/revisions"}],"predecessor-version":[{"id":1748,"href":"https:\/\/www.onderhan.com\/index.php?rest_route=\/wp\/v2\/pages\/1201\/revisions\/1748"}],"wp:attachment":[{"href":"https:\/\/www.onderhan.com\/index.php?rest_route=%2Fwp%2Fv2%2Fmedia&parent=1201"}],"curies":[{"name":"wp","href":"https:\/\/api.w.org\/{rel}","templated":true}]}}